nd 1.
1
Suppose 4*p = 136 + 56. Suppose -2*z - 72 - p = -u, 0 = -u - 2*z + 132. Calculate the greatest common divisor of 14 and u.
14
Suppose -2*i = -l - 23, l - 32 = -3*i + 5*l. Suppose -2*t = -5*t + i. Calculate the greatest common divisor of t and 8.
4
Let c(b) = 5*b + 2 - 4*b - 4*b. Let d be c(-12). Let r be -2*2/(-4) + d. What is the greatest common divisor of r and 26?
13
Suppose 3*f - 2*f = 5*q + 9, -4*f + 2 = -3*q. Suppose 2*c - 2 = -8. Let n = q - c. What is the highest common divisor of n and 2?
1
Let s(u) = -u**3 - 9*u**2 - 12*u - 4. Let o be s(-8). Suppose -3*y = 2*r - 254 - 92, 570 = 5*y + 2*r. Calculate the highest common factor of o and y.
28
Let m be (144/(-28) + 4)*-7. What is the greatest common divisor of m and 472?
8
Let m(f) be the first derivative of f**3 + 3*f**2 - 5*f + 26. Let d be m(3). Calculate the highest common divisor of 100 and d.
20
Let b(g) = 5*g**2 - 14*g + 16. Let d be b(8). Let v be d/48 + 1/3. Calculate the highest common factor of 15 and v.
5
Suppose 5*z - 4 - 6 = 0. Suppose z*d - b - 56 = 0, 0*d - 2*d + 44 = -4*b. Calculate the highest common divisor of 30 and d.
30
Let s be ((4 - 36)/1)/(0 - 1). Calculate the highest common divisor of s and 14.
2
Let m(r) = 8*r + 2*r - 9*r + 10. Let d be m(-7). What is the greatest common divisor of d and 12?
3
Suppose -q + 329 = s, 5*s + 4*q - 656 = 3*s. Suppose 13*j = 2*j + s. Suppose 2*o - 14 = 6. Calculate the greatest common factor of o and j.
10
Suppose 0 = 11*v - 101 - 108. Suppose -22*a + 621 = -v*a. What is the greatest common divisor of a and 23?
23
Suppose 2*d - 28 = -5*b - 3, b = d - 2. Let g be 1150/30 - 1/b. Suppose 3*o - c - 74 = -2*o, c - g = -3*o. What is the highest common factor of 42 and o?
14
Let g = 33 - 29. Let j = g + 52. What is the greatest common factor of j and 140?
28
Let d = 219 - 149. Let b be 1/2 + d/4. Let f be -2 - -1*(-2 - -4)*2. What is the greatest common factor of b and f?
2
Let w(d) = -8*d**2 + d**3 - 3 + 53*d - 12 - 8*d - 16*d**2. Let q be w(22). Calculate the greatest common factor of 14 and q.
7
Suppose 0 = -5*g + 8 + 7. Suppose 0 = -g*b + 5*b - 4*u - 88, -5*u = 2*b - 133. What is the highest common divisor of b and 18?
18
Suppose 59*t + 34 = 93. What is the highest common divisor of 61 and t?
1
Let i(v) = 3*v - 2. Let q be (-2 - -2)/(3 - 2). Suppose -w + q = -4. Let p be i(w). What is the greatest common divisor of 10 and p?
10
Let u be (-2 - 1) + 3*11. Let k be 250/4*(-14 + 684/45). Calculate the highest common divisor of k and u.
15
Let g = -14 + 16. Suppose 0 = -q - g*q. Suppose q*o + 18 = o. What is the highest common divisor of 12 and o?
6
Let b(s) = -s**3 + s**2 + 13*s + 3. Let m be b(-5). What is the highest common factor of m and 110?
22
Let o(f) = -230*f - 188. Let k be o(-2). Calculate the highest common divisor of 1156 and k.
68
Let p(r) = 27*r**2 + r - 2. Let i be p(1). Suppose -5*v = 3*m - 1415, 0 = -3*v + m + 795 + 68. What is the highest common factor of i and v?
26
Let i be ((-12)/(-4))/((-23)/(-184)). Calculate the highest common factor of i and 27.
3
Suppose 3 = q - v - 0*v, 3 = 3*q + 3*v. Suppose -m - 52 = -q*m. Suppose -u + 25 = -m. What is the highest common factor of 11 and u?
11
Let x(k) = 24*k + 8. Let y be x(1). What is the highest common factor of 100 and y?
4
Let q be (12*3)/(3/(-15)*-5). Let s be (q/(-8))/(10/4 + -3). Suppose 3*j - 9 = 0, -5*j + 0*j - 3 = -t. Calculate the greatest common divisor of t and s.
9
Let n(z) = 9*z + 14. Let m be n(1). Calculate the greatest common factor of 69 and m.
23
Suppose 0 = -3*c + 5*l + 322, -5*c + 490 = -0*c + l. What is the highest common factor of 36 and c?
9
Let y(w) = -w**2 + 9*w + 2. Let f be y(7). Let u = 387 + -307. What is the greatest common divisor of f and u?
16
Let d be (1 - -1)/2*0. Suppose -5*g + 0 = -25. Suppose -g*l - 2*c = 3*c - 205, d = -2*l + 2*c + 94. Calculate the highest common factor of l and 66.
22
Let j(i) = -i**3 + 3*i**2 - 2*i + 10. Let t be j(2). What is the highest common factor of 350 and t?
10
Let i(d) = -d - 1. Let b be i(-1). Let w be 190/2 - (b + 0). Let o(p) = p**3 - 8*p**2 + 5*p - 2. Let j be o(8). What is the highest common factor of j and w?
19
Let v be -18*-3*(-130)/(-20). What is the greatest common divisor of v and 27?
27
Suppose -17 = -6*v + 19. Let k(d) = d**3 - 6*d**2 + 4*d - 2. Let f be k(v). Calculate the greatest common factor of f and 22.
22
Suppose -2*i + 165 = 5*c, -5*c = i - 61 - 34. Let y = -25 + 25. Suppose y = 3*k + 2*j - 28, j + 3*j + 44 = 4*k. Calculate the greatest common factor of i and k.
10
Let j = 19 + -27. Let u be (-574)/j + 22/88. What is the highest common factor of 18 and u?
18
Let b(z) = 4*z + 26. Let h be b(12). Let j be 108 - (-15)/(-10)*-2. What is the highest common factor of j and h?
37
Let t be 6/(-10)*100/(-4). Calculate the highest common factor of 345 and t.
15
Let s = -104 + 156. What is the highest common divisor of 156 and s?
52
Let h(v) = -v**3 + 31*v**2 - 83*v + 53. Let d be h(28). What is the highest common factor of 621 and d?
27
Let b(d) = -24*d + 4. Let x be b(-3). Let q = 1 - -8. Let a be (-59)/(-3) - 6/q. Calculate the greatest common factor of a and x.
19
Let m = -114 - -121. What is the greatest common factor of 3 and m?
1
Let y(t) = 310*t**2 + 21 - 321*t**2 + t**3 - 13*t - 7. Let s be y(12). Suppose s*d - 18 = 4. Calculate the highest common factor of 110 and d.
11
Let f(k) = k**2 - 9*k + 15. Let u be f(6). Let x be (20/u)/((-6)/18). Let n be x/2 + (3 - -1). Calculate the greatest common divisor of 112 and n.
14
Suppose -4*x = 5*h + 3 - 38, 0 = -2*h - 5*x - 3. Suppose m - 52 - h = 0. Suppose 95 - 32 = 3*c. Calculate the highest common divisor of m and c.
21
Suppose -r = -2*w - 31, -3*r + 11 = 5*w - 60. Suppose 175 = 8*x - 41. Calculate the highest common divisor of r and x.
27
Let l = 270 - 258. What is the highest common divisor of 156 and l?
12
Let r = -47 - -76. Suppose 30*h - r*h = 7. Calculate the greatest common divisor of h and 1.
1
Let b(v) = -10*v + 1. Let t be b(-4). What is the highest common divisor of 369 and t?
41
Let w(k) = -k + 39. Let a be w(12). Calculate the greatest common factor of a and 81.
27
Let i = -41 + 105. Let p be (8/(-5))/((-4)/20). Calculate the highest common factor of i and p.
8
Let g be (17/3)/(2/54). Suppose 25*q = 56*q - 380 - 147. Calculate the greatest common divisor of q and g.
17
Suppose -18 = -5*q - 3*y, 5*q + 0*q + 2*y - 17 = 0. Suppose q*r - 15 = 15. Suppose -13 + 3 = -5*w. What is the greatest common divisor of r and w?
2
Let i = 47 + -4. Suppose 0 = -2*p + i + 17. Let q be 15 + 12/(-3) + 2 + -1. What is the greatest common divisor of q and p?
6
Suppose 3*b + 3*r - 491 = -2*r, -2*b + 320 = -4*r. Calculate the greatest common factor of 18 and b.
18
Suppose -116*o - 1944 = -124*o. What is the greatest common divisor of 72 and o?
9
Let v(f) be the third derivative of f**4/24 - f**3 - 10*f**2. Let h be v(12). What is the greatest common divisor of h and 9?
3
Suppose -u + 8 = 2*f, 7*f - 2*f - 20 = -3*u. Suppose f*j + 690 = -j. Let d be (4/(-6))/(4/j). Calculate the highest common divisor of 92 and d.
23
Suppose -27 = -2*j + 3. Let a = 220 + 127. Suppose a = 2*i + 107. What is the highest common divisor of j and i?
15
Suppose -6*f - 19 - 53 = 0. Let p be 3*8*f/(-18). What is the highest common divisor of 40 and p?
8
Let z = -1 - -14. Let d = -6 + 12. Let f(i) = -i**3 + 9*i**2 - 2*i - 5. Let j be f(d). Calculate the highest common factor of z and j.
13
Let f be -1 + (1 + 0)*2. Let b be 1/(f/(-4))*-8. Calculate the greatest common divisor of b and 4.
4
Let j = 220 + -366. Let f = j - -156. Calculate the highest common divisor of f and 10.
10
Suppose -6*c - 62 + 476 = 0. What is the greatest common divisor of c and 1587?
69
Let i = 178 - 74. Let o(j) = -8*j + 10. Let b be o(-2). Calculate the highest common factor of b and i.
26
Suppose -9*s + 4*s + 322 = 2*x, -x = 3*s - 193. Calculate the greatest common divisor of 16 and s.
16
Let r(z) = -3*z**2. Let f be r(-2). Let c be 24/(f/(-9) - (-2)/12). Calculate the greatest common divisor of c and 12.
4
Suppose 0 = 9*d - 5*d + 8, -3*p = 4*d - 40. Let q = -91 + 3. Let c be (q/10)/(p/(-40)). Calculate the greatest common factor of 22 and c.
22
Let r be -1 + (-11)/((-22)/(-20)). Let j = 23 + r. 